ivisor of 688 and 301?
43
What is the highest common factor of 5382 and 207?
207
Calculate the highest common divisor of 8905 and 137.
137
Calculate the highest common factor of 24 and 424.
8
Calculate the highest common factor of 663 and 612.
51
Calculate the highest common factor of 35 and 14.
7
Calculate the highest common divisor of 40 and 12.
4
Calculate the highest common divisor of 52 and 16276.
52
Calculate the greatest common divisor of 36 and 900.
36
Calculate the highest common factor of 9 and 387.
9
What is the greatest common factor of 48 and 10416?
48
Calculate the greatest common factor of 107760 and 80.
80
Calculate the greatest common factor of 66 and 48.
6
What is the highest common divisor of 200 and 25?
25
What is the greatest common factor of 12 and 324?
12
Calculate the highest common factor of 492 and 84.
12
What is the greatest common divisor of 288 and 90?
18
Calculate the greatest common factor of 1130 and 70.
10
What is the highest common factor of 1735 and 5?
5
Calculate the highest common factor of 108 and 1026.
54
Calculate the greatest common factor of 42 and 119.
7
Calculate the greatest common divisor of 124 and 1612.
124
What is the greatest common divisor of 11 and 2563?
11
Calculate the greatest common factor of 14 and 189.
7
What is the greatest common divisor of 2562 and 42?
42
What is the highest common divisor of 94056 and 24?
24
Calculate the highest common factor of 768 and 48.
48
What is the highest common divisor of 480 and 60?
60
Calculate the greatest common divisor of 1443 and 185.
37
Calculate the highest common divisor of 91 and 26.
13
What is the highest common divisor of 228 and 8?
4
What is the greatest common factor of 510 and 105?
15
What is the greatest common divisor of 162 and 126?
18
Calculate the greatest common factor of 58 and 551.
29
Calculate the highest common divisor of 555 and 9805.
185
What is the highest common divisor of 48 and 128?
16
What is the highest common divisor of 54 and 4?
2
Calculate the highest common factor of 540 and 40.
20
Calculate the highest common divisor of 288 and 2862.
18
What is the highest common factor of 17 and 1666?
17
Calculate the highest common divisor of 31 and 40393.
31
What is the greatest common factor of 46172 and 68?
68
Calculate the highest common divisor of 20 and 50.
10
What is the greatest common factor of 74 and 259?
37
Calculate the highest common factor of 1190 and 425.
85
Calculate the highest common divisor of 12 and 12.
12
What is the greatest common divisor of 1043 and 149?
149
What is the greatest common divisor of 77 and 33?
11
Calculate the highest common divisor of 171 and 608.
19
What is the greatest common factor of 9 and 20?
1
Calculate the greatest common divisor of 224 and 128.
32
What is the greatest common divisor of 4692 and 68?
68
What is the highest common factor of 2697 and 186?
93
What is the highest common factor of 572 and 88?
44
What is the greatest common factor of 106 and 2?
2
Calculate the highest common divisor of 23 and 16307.
23
Calculate the greatest common divisor of 132 and 462.
66
Calculate the greatest common divisor of 18 and 8.
2
Calculate the greatest common factor of 4 and 68.
4
What is the highest common factor of 265 and 4929?
53
What is the highest common divisor of 28 and 16?
4
What is the greatest common divisor of 850 and 34?
34
Calculate the greatest common divisor of 12 and 628.
4
Calculate the greatest common factor of 30 and 1230.
30
What is the greatest common divisor of 286 and 585?
13
Calculate the greatest common factor of 56 and 1512.
56
What is the greatest common divisor of 174 and 6?
6
Calculate the greatest common divisor of 324 and 1692.
36
What is the highest common factor of 27 and 153?
9
Calculate the highest common divisor of 98 and 21.
7
What is the highest common factor of 396 and 2937?
33
Calculate the greatest common divisor of 135 and 135.
135
Calculate the greatest common factor of 17 and 136.
17
Calculate the highest common factor of 720 and 120.
120
Calculate the highest common factor of 538 and 18.
2
What is the highest common divisor of 18 and 207?
9
What is the highest common divisor of 45 and 459?
9
What is the greatest common factor of 18 and 909?
9
Calculate the highest common divisor of 135 and 28350.
135
Calculate the greatest common factor of 135 and 612.
9
What is the greatest common factor of 119 and 8449?
119
Calculate the greatest common divisor of 77 and 11.
11
What is the greatest common divisor of 28 and 35?
7
What is the highest common divisor of 28 and 378?
14
Calculate the highest common factor of 480 and 45.
15
Calculate the highest common divisor of 2278 and 68.
34
What is the highest common divisor of 512 and 124?
4
What is the greatest common factor of 198 and 44?
22
What is the greatest common factor of 283 and 22357?
283
What is the highest common factor of 5 and 1315?
5
Calculate the highest common factor of 135 and 2007.
9
Calculate the highest common factor of 28 and 1722.
14
What is the highest common factor of 77 and 11?
11
What is the greatest common factor of 37 and 74?
37
What is the greatest common divisor of 152 and 32?
8
Calculate the greatest common divisor of 39 and 52.
13
Calculate the greatest common divisor of 980 and 20.
20
Calculate the highest common factor of 4936 and 8.
8
What is the highest common divisor of 97 and 776?
97
Calculate the greatest common factor of 66 and 22.
22
What is the highest common divisor of 9009 and 351?
117
What is the highest common factor of 1458 and 3?
3
What is the greatest common factor of 512 and 16?
16
What is the highest common factor of 17076 and 12?
12
What is the highest common divisor of 430 and 50?
10
What is the highest common factor of 832 and 26?
26
What is the highest common divisor of 52 and 1989?
13
Calculate the highest common factor of 455 and 65.
65
What is the greatest common factor of 19 and 475?
19
What is the highest common divisor of 814 and 22?
22
Calculate the greatest common divisor of 9996 and 612.
204
What is the highest common divisor of 188 and 68?
4
Calculate the highest common divisor of 860 and 1075.
215
Calculate the highest common divisor of 5 and 615.
5
Calculate the greatest common divisor of 16 and 848.
16
What is the highest common factor of 95 and 133?
19
What is the greatest common factor of 656 and 41?
41
What is the highest common divisor of 18 and 5094?
18
Calculate the greatest common factor of 6280 and 40.
40
What is the greatest common divisor of 104 and 78?
26
What is the greatest common divisor of 27 and 1917?
27
What is the highest common divisor of 2214 and 82?
82
Calculate the highest common divisor of 24 and 6774.
6
What is the highest common divisor of 72 and 408?
24
What is the greatest common factor of 19 and 304?
19
Calculate the highest common divisor of 561 and 765.
51
Calculate the greatest common factor of 46 and 1886.
46
Calculate the highest common factor of 297 and 33.
33
Calculate the greatest common divisor of 28 and 49.
7
What is the greatest common factor of 6 and 81?
3
Calculate the greatest common factor of 11664 and 48.
48
What is the greatest common divisor of 8 and 31064?
8
Calculate the highest common divisor of 38 and 874.
38
What is the greatest common divisor of 39 and 1599?
39
What is the highest common divisor of 46 and 4?
2
What is the highest common factor of 534 and 6?
6
What is the highest common divisor of 805 and 91?
7
Calculate the highest common factor of 5820 and 60.
60
What is the greatest common factor of 34114 and 148?
74
What is the highest common factor of 4389 and 528?
33
What is the highest common factor of 912 and 399?
57
What is the highest common factor of 180 and 81?
9
What is the highest common factor of 7072 and 204?
68
Calculate the highest common divisor of 26 and 962.
26
Calculate the greatest common divisor of 666 and 18.
18
Calculate the highest common factor of 276 and 372.
12
What is the greatest common factor of 1539 and 285?
57
Calculate the greatest common divisor of 39 and 481.
13
Calculate the greatest common factor of 18 and 261.
9
Calculate the highest common factor of 9 and 17559.
9
What is the highest common divisor of 9 and 279?
9
Calculate the highest common factor of 4